{"id":25,"date":"2016-03-15T13:21:46","date_gmt":"2016-03-15T12:21:46","guid":{"rendered":"http:\/\/www.die-wichtel-ev.de\/?page_id=25"},"modified":"2021-02-23T17:24:28","modified_gmt":"2021-02-23T16:24:28","slug":"elternarbeit","status":"publish","type":"page","link":"https:\/\/www.die-wichtel-ev.de\/?page_id=25","title":{"rendered":"Elternarbeit"},"content":{"rendered":"<p>Wie in Elterninitiativen \u00fcblich, gibt es f\u00fcr alle Familien etwas zu tun. Um die anfallenden Aufgaben \u00fcbersichtlich zu verteilen und in einem gut zu bew\u00e4ltigenden Rahmen zu halten, gibt es neben allgemeinen Aufgaben verschiedene \u00c4mter. An die neu ankommenden Familien werden &#8222;kleine&#8220; Aufgaben bzw. \u00c4mter vergeben, die bereits l\u00e4nger im Verein verweilenden Familien \u00fcbernehmen &#8222;gro\u00dfe&#8220; \u00c4mter. F\u00fcr eine Aufgabe verantwortlich zu sein hei\u00dft nicht zwangsl\u00e4ufig alles selbst zu erledigen &#8211; manchmal geht es vor allem um die Organisation. Die \u00c4mter wechseln jeweils nach einem Jahr ca. im April\/Mai (wegen \u00dcbergabezeit).<\/p>\n<p><strong>Momentan sind die &#8222;kleinen&#8220; \u00c4mter folgende: <\/strong><\/p>\n<p><strong>Assistenz des 1. Vorstands<br \/>\n<\/strong>schreibt beispielsweise fristgerechte Einladungen zu Mitgliederversammlungen und die Protokolle, k\u00fcmmert sich um die Internetseite und den Mailaccount der Wichtel<\/p>\n<p><strong>Assistenz des 2. Vorstands<br \/>\n<\/strong>verwaltet beispielsweise die Adressen und k\u00fcmmert sich um den Elterndienstplan<\/p>\n<p><strong>Gartenbetreuung<br \/>\n<\/strong>k\u00fcmmert sich um das Au\u00dfengel\u00e4nde, pflanzt Neues und macht die Pflanzen &#8222;winterfest&#8220;<\/p>\n<p><strong>Hausmeister<br \/>\n<\/strong>f\u00fchrt kleinere Reparaturen selber durch, organisiert gr\u00f6\u00dfere und k\u00fcmmert sich um Wartungsarbeiten<\/p>\n<p><strong>Einkaufsamt<br \/>\n<\/strong>unterst\u00fctzt das Team zum Beispiel bei gr\u00f6\u00dferen Eink\u00e4ufen, die nicht geliefert werden k\u00f6nnen<\/p>\n<p><strong>Das Amt des 1. Vorstands, 2. Vorstands und des Kassenwarts bilden den Vorstand des Vereins:<\/strong><\/p>\n<p><strong>1. Vorstand<br \/>\n<\/strong>repr\u00e4sentiert den Verein unter anderem offiziell nach au\u00dfen, beantragt Gelder (F\u00f6rdergelder, L\u00e4nderfinanzhilfe), moderiert die Mitgliederversammlungen und versendet die Vertr\u00e4ge an neue Eltern<\/p>\n<p><strong>2. Vorstand<br \/>\n<\/strong>erstellt und \u00e4ndert beispielsweise Arbeitsvertr\u00e4ge sowie Arbeitszeugnisse, dokumentiert die Arbeitszeit der Mitarbeiter_innen und f\u00fchrt regelm\u00e4\u00dfige Personalbesprechungen durch<\/p>\n<p><strong>Kassenwart<br \/>\n<\/strong>veranlasst und \u00fcberwacht unter anderem alle Geldbewegungen auf den Bankkonten und in der Barkasse, macht mit Unterst\u00fctzung der Kinderladeninitiative den Jahresabschluss und plant das neue Finanzjahr<\/p>\n<p><strong>Allgemeine Elternaufgaben<\/strong><\/p>\n<p style=\"text-align: justify;\">Die Eltern nehmen regelm\u00e4\u00dfig an Elternabenden und Mitgliederversammlungen teil (ca. 3-4 Mal im Jahr bzw. nach Bedarf).<\/p>\n<p style=\"text-align: justify;\">F\u00fcr den Fall, dass aufgrund von Krankheit oder Urlaub weniger als zwei Betreuer vorhanden sind oder aus p\u00e4dagogischem Anlass eine weitere Betreuungskraft notwendig ist, fallen Betreuungsdienste an. Jede Familie \u00fcbernimmt einen festen Wochentag und ist f\u00fcr diesen verantwortlich, wenn ein Elterndienst notwendig wird. Bei Verhinderung muss f\u00fcr Ersatz gesorgt werden (nat\u00fcrlich kann immer getauscht werden). Die Mitglieder des Vorstandes sind von der Pflicht zu Elterndiensten ausgenommen, d\u00fcrfen sich aber bei Bedarf gerne trotzdem einbringen.<\/p>\n","protected":false},"excerpt":{"rendered":"<p>Wie in Elterninitiativen \u00fcblich, gibt es f\u00fcr alle Familien etwas zu tun. Um die anfallenden Aufgaben \u00fcbersichtlich zu verteilen und in einem gut zu bew\u00e4ltigenden Rahmen zu halten, gibt es neben allgemeinen Aufgaben verschiedene \u00c4mter. An die neu ankommenden Familien<\/p>\n","protected":false},"author":1,"featured_media":0,"parent":0,"menu_order":0,"comment_status":"closed","ping_status":"closed","template":"","meta":{"_mi_skip_tracking":false},"_links":{"self":[{"href":"https:\/\/www.die-wichtel-ev.de\/index.php?rest_route=\/wp\/v2\/pages\/25"}],"collection":[{"href":"https:\/\/www.die-wichtel-ev.de\/index.php?rest_route=\/wp\/v2\/pages"}],"about":[{"href":"https:\/\/www.die-wichtel-ev.de\/index.php?rest_route=\/wp\/v2\/types\/page"}],"author":[{"embeddable":true,"href":"https:\/\/www.die-wichtel-ev.de\/index.php?rest_route=\/wp\/v2\/users\/1"}],"replies":[{"embeddable":true,"href":"https:\/\/www.die-wichtel-ev.de\/index.php?rest_route=%2Fwp%2Fv2%2Fcomments&post=25"}],"version-history":[{"count":18,"href":"https:\/\/www.die-wichtel-ev.de\/index.php?rest_route=\/wp\/v2\/pages\/25\/revisions"}],"predecessor-version":[{"id":210,"href":"https:\/\/www.die-wichtel-ev.de\/index.php?rest_route=\/wp\/v2\/pages\/25\/revisions\/210"}],"wp:attachment":[{"href":"https:\/\/www.die-wichtel-ev.de\/index.php?rest_route=%2Fwp%2Fv2%2Fmedia&parent=25"}],"curies":[{"name":"wp","href":"https:\/\/api.w.org\/{rel}","templated":true}]}}